1 - 100111001?
-100011000
In base 11, what is 273 + -31?
242
In base 3, what is 0 - 100011?
-100011
In base 6, what is -32 - 1255?
-1331
In base 5, what is 21 + -2142?
-2121
In base 16, what is 2ac + -2?
2aa
In base 14, what is -c90 - 0?
-c90
In base 10, what is -12 - -566?
554
In base 11, what is -6 + -1a6?
-201
In base 12, what is -13 + -b3?
-106
In base 11, what is -5 + 20?
16
In base 5, what is 130 + 1?
131
In base 12, what is -16 - -45?
2b
In base 7, what is 5 - -14?
22
In base 15, what is 2 - -1e4?
1e6
In base 11, what is -6372 - -4?
-6369
In base 10, what is -3 + -87?
-90
In base 12, what is 17a8 - 7?
17a1
In base 13, what is 50 + -2?
4b
In base 4, what is -1 - 10332?
-10333
In base 10, what is 1 - 3645?
-3644
In base 16, what is 3 - -17?
1a
In base 6, what is 23003 + -2?
23001
In base 16, what is -47 + 15?
-32
In base 16, what is 3f + -54?
-15
In base 10, what is -1 - -2022?
2021
In base 15, what is 81 - -1?
82
In base 6, what is -4515 + 2?
-4513
In base 3, what is -1220 - -102?
-1111
In base 15, what is -866 + -1?
-867
In base 11, what is -4 - -47?
43
In base 14, what is 111 - -2?
113
In base 2, what is 10010110 + 11?
10011001
In base 11, what is 527 + -2?
525
In base 14, what is -7b7 + 5?
-7b2
In base 9, what is 3 + -13?
-10
In base 5, what is 122 + 104?
231
In base 12, what is -45 - 14?
-59
In base 10, what is -1 - 89?
-90
In base 7, what is -2 - -102?
100
In base 5, what is 3303 + 210?
4013
In base 15, what is -25b - 4?
-260
In base 12, what is 1 - -530?
531
In base 5, what is -2140 - -1?
-2134
In base 8, what is -10 - 107?
-117
In base 12, what is -76 + -41?
-b7
In base 15, what is 59b - 9?
592
In base 6, what is 12 - -421?
433
In base 5, what is -200212 + -4?
-200221
In base 9, what is -14 - 1223?
-1237
In base 15, what is 42 - -5?
47
In base 13, what is -3 - 97?
-9a
In base 14, what is 5 + 95?
9a
In base 16, what is 2 - -1db?
1dd
In base 8, what is -4 + 535?
531
In base 12, what is 16 - 61?
-47
In base 5, what is -4042 - -4?
-4033
In base 6, what is 34 + -15?
15
In base 14, what is -14 + 13?
-1
In base 5, what is -42 - 4?
-101
In base 2, what is -10010100 - 100?
-10011000
In base 6, what is -34 + 13?
-21
In base 9, what is 5 - 743?
-737
In base 3, what is 1122012 + 10?
1122022
In base 11, what is -3a27 - -4?
-3a23
In base 16, what is -1ec - 4?
-1f0
In base 14, what is -5 + 12bc?
12b7
In base 11, what is 9a - 11?
89
In base 12, what is 103 - -1?
104
In base 6, what is -4405 + -12?
-4421
In base 10, what is 272 + -3?
269
In base 4, what is 210 + 2120?
2330
In base 8, what is 1014 + 3?
1017
In base 3, what is -1220010 - 11?
-1220021
In base 3, what is 10 - -1220?
2000
In base 2, what is -10111001 - -1110?
-10101011
In base 11, what is -3a7 + 5?
-3a2
In base 5, what is 23 + -141?
-113
In base 8, what is 10302 + -1?
10301
In base 14, what is -5 - 288?
-28d
In base 10, what is 35986 - 1?
35985
In base 7, what is -142 - -26?
-113
In base 16, what is -4 + -2a?
-2e
In base 15, what is -2 - 7c?
-7e
In base 6, what is -10441 + -5?
-10450
In base 3, what is 0 + -1020?
-1020
In base 2, what is -1 + -1111000010?
-1111000011
In base 5, what is -12 + 21303?
21241
In base 6, what is -41 - -31?
-10
In base 5, what is 10 + -1234?
-1224
In base 3, what is -200012 - -120?
-122122
In base 10, what is 18 - -113?
131
In base 5, what is 223143 + 4?
223202
In base 13, what is -24 - 3?
-27
In base 13, what is -5 + -8?
-10
In base 12, what is ab + 41?
130
In base 9, what is 475 + 2?
477
In base 5, what is -4 - 104233?
-104242
In base 8, what is -2 + -52?
-54
In base 16, what is -24 - -3?
-21
In base 7, what is -265 - 4?
-302
In base 2, what is -1010110011110 + -100?
-1010110100010
In base 15, what is 7 + 2e0?
2e7
In base 6, what is 25055 + 2?
25101
In base 7, what is -26 - -1426?
1400
In base 6, what is 124 - 435?
-311
In base 12, what is -3 + 19?
16
In base 9, what is -626 + 1?
-625
In base 2, what is 100110010 + 110?
100111000
In base 12, what is -5 - 64?
-69
In base 2, what is -1 - 10101?
-10110
In base 9, what is 182 - -71?
263
In base 16, what is d7 + -14?
c3
In base 13, what is -1 + -21?
-22
In base 6, what is 41 + -4533?
-4452
In base 14, what is -a + -96?
-a2
In base 14, what is 31 - -11?
42
In base 2, what is -110101011100 - 10?
-110101011110
In base 8, what is -23 - 310?
-333
In base 3, what is 2021 - 1?
2020
In base 10, what is 195 - -5?
200
In base 14, what is -4 - c97?
-c9b
In base 9, what is 1 - -221?
222
In base 14, what is 22 - 10?
12
In base 15, what is 8 - 2e?
-26
In base 2, what is -11001111111 - -100?
-11001111011
In base 15, what is 5c + 2?
5e
In base 16, what is ae + -3?
ab
In base 10, what is -818 - 2?
-820
In base 16, what is c6 + -4?
c2
In base 14, what is 430 - 2?
42c
In base 2, what is -11010110000 - -11?
-11010101101
In base 16, what is -3 - -33?
30
In base 16, what is 21 - 7e?
-5d
In base 11, what is -51 - 20?
-71
In base 11, what is 0 + 1740?
1740
In base 9, what is 26 + 1261?
1287
In base 5, what is 20 - -14140?
14210
In base 16, what is -a - -8f3?
8e9
In base 6, what is -3 + 10243?
10240
In base 5, what is 210011 - 10?
210001
In base 11, what is -11 + -143?
-154
In base 11, what is -1 + 50a4?
50a3
In base 4, what is -20 - 311?
-331
In base 16, what is 202c + -1?
202b
In base 2, what is 101 + 10011011101?
10011100010
In base 5, what is 1341 - -442?
2333
In base 16, what is -7 + -4d?
-54
In base 10, what is -1 + -1268?
-1269
In base 9, what is 31 - 3?
27
In base 8, what is 44 - 1?
43
In base 3, what is 111002 - 1?
111001
In base 5, what is 44042 + -1?
44041
In base 8, what is 73 + -1?
72
In base 5, what is 203 + -4?
144
In base 8, what is 611 + 2?
613
In base 16, what is 4 + 1a?
1e
In base 15, what is -5 - -a7?
a2
In base 13, what is -1b + -14?
-32
In base 9, what is -625 + -1?
-626
In base 13, what is 13 + -21b?
-208
In base 15, what is e - -64?
73
In base 10, what is -25 + 5?
-20
In base 8, what is -4 + -243?
-247
In base 12, what is -5 + -4b4?
-4b9
In base 8, what is 2 - 50?
-46
In base 10, what is 9 + -14?
-5
In base 10, what is 2893 - 2?
2891
In base 10, what is 41 - -111?
152
In base 6, what is -2 - 2100?
-2102
In base 5, what is -243 - 0?
-243
In base 12, what is 6a - -109?
177
In base 3, what is 2 - -2112121?
2112200
In base 14, what is -2 - -a5b?
a59
In base 9, what is -170 - 2?
-172
In base 4, what is -103 + -111?
-220
In base 12, what is -607 - -5?
-602
In base 14, what is 0 - -53?
53
In base 7, what is -4 - -23533?
23526
In base 13, what is c8 - -2a?
125
In base 9, what is 4 + 120?
124
In base 10, what is -32 + 9?
-23
In base 7, what is 104 - -5?
112
In base 12, what is -16 + -47?
-61
In base 8, what is 5434 + 4?
5440
In base 14, what is -153 + -3?
-156
In base 3, what is 1102012 + 0?
1102012
In base 8, what is 2 + -70?
-66
In base 7, what is -100 - 10?
-110
In base 11, what is -5 - -809?
804
In base 14, what is 3c8 - -24?
40c
In base 7, what is 5 + 112?
120
In base 5, what is 24133 + 1?
24134
In base 13, what is 1 - 1b?
-1a
In base 15, what is 121 - -1?
122
In base 3, what is -11012 - -112?
-10200
In base 12, what is -1a433 + 2?
-1a431
In base 13, what is -3 + -b5?
-b8
In base 8, what is -5 + -366?
-373
In base 10, what is 1 - -133?
134
In base 14, what is -6d + 5?
-68
In base 4, what is -20 + 21?
1
In base 10, what is 224 - 8?
216
In base 16, what is -528 + -5?
-52d
In base 11, what is 16 + -2?
14
In base 13, what is -387 - -5?
-382
In base 6, what is -55455 + -4?
-55503
In base 9, what is -388 - 8?
-407
In base 9, what is 0 + 2188?
2188
In base 8, what is 154 - -4?
160
In base 13, what is -1242 + -5?
-1247
In base 3, what is 1000 - 211?
12
In base 4, what is 1210 + 2?
1212
In base 7, what is -3 - -1444?
1441
In base 8, what is -32 + -1?
-33
In base 5, what is -3333 + -1?
-3334
In base 16, what is 2 + c3?
c5
In base 6, what is -51 + 422?
331
In base 13, what is -c4 - 0?
-c4
In base 8, what is 200 + -201?
-1
In base 13, what is 2a3 - -14?
2b7
In base 15, what is -10 - 36e?
-37e
In base 15, what is 6 + -4b0?
-4a9
In base 2, what is 1001000111 + 0?
1001000111
In base 15, what is -5d + -3?
-61
In base 9, what is -666 + -6?
-673
In base 16, what is -c4 - 4?
-c8
In base 4, what is -2 + 3220?
3212
In base 8, what is -2 - -1043?
1041
In base 7, what is 303 - -5?
311
In base 3, what is 2002 - 11?
1221
In base 9, what